{"id":5784,"date":"2025-11-14T16:56:03","date_gmt":"2025-11-14T21:56:03","guid":{"rendered":"https:\/\/pot-tunja.gov.co\/?page_id=5784"},"modified":"2025-11-15T16:57:06","modified_gmt":"2025-11-15T21:57:06","slug":"participacion-2023-etapa-diagnostica","status":"publish","type":"page","link":"http:\/\/pot-tunja.gov.co\/index.php\/participacion-2023-etapa-diagnostica\/","title":{"rendered":"Metodolog\u00eda del proceso participativo 2023"},"content":{"rendered":"\t\t<div data-elementor-type=\"wp-page\" data-elementor-id=\"5784\" class=\"elementor elementor-5784\" data-elementor-settings=\"[]\">\n\t\t\t\t\t\t\t<div class=\"elementor-section-wrap\">\n\t\t\t\t\t\t\t<section class=\"elementor-section elementor-top-section elementor-element elementor-element-a7fbad0 elementor-section-boxed elementor-section-height-default elementor-section-height-default\" data-id=\"a7fbad0\" data-element_type=\"section\">\n\t\t\t\t\t\t<div class=\"elementor-container elementor-column-gap-default\">\n\t\t\t\t\t<div class=\"elementor-column elementor-col-100 elementor-top-column elementor-element elementor-element-cee7134\" data-id=\"cee7134\" data-element_type=\"column\">\n\t\t\t<div class=\"elementor-widget-wrap elementor-element-populated\">\n\t\t\t\t\t\t\t\t<div class=\"elementor-element elementor-element-d856c4b elementor-invisible elementor-widget elementor-widget-timeline-widget-addon\" data-id=\"d856c4b\" data-element_type=\"widget\" data-settings=\"{&quot;_animation&quot;:&quot;fadeIn&quot;}\" data-widget_type=\"timeline-widget-addon.default\">\n\t\t\t\t<div class=\"elementor-widget-container\">\n\t\t\t\r\n<div class=\"twae-vertical twae-wrapper twae-centered\">    \r\n    <div class=\"twae-timeline-centered twae-timeline-sm twae-line \"><article class=\"twae-timeline-entry twae-right-aligned\">\r\n            <div class=\"twae-timeline-entry-inner\">\r\n                <div class=\"twae-label-extra-label\">\r\n                    <span class=\"twae-label\">Punto de Partida<\/span>\r\n                    <span class=\"twae-extra-label\">\u201cSobre lo construido complementamos&quot; <\/span>\r\n                <\/div>\r\n                <div class=\"twae-icon\"><i aria-hidden=\"true\" class=\"fas fa-map-pin\"><\/i><\/div>\r\n                <div class=\"twae-data-container \">\r\n                    <span class=\"twae-title\">Antecedentes del Proceso <\/span>\r\n                    \r\n                    <div class=\"twae-description\"><p><img data-recalc-dims=\"1\" loading=\"lazy\" decoding=\"async\" class=\"aligncenter size-large wp-image-4186\" src=\"https:\/\/i0.wp.com\/pot-tunja.gov.co\/wp-content\/uploads\/2022\/12\/1-1.jpg?resize=1024%2C736\" alt=\"\" width=\"1024\" height=\"736\" srcset=\"https:\/\/i0.wp.com\/pot-tunja.gov.co\/wp-content\/uploads\/2022\/12\/1-1.jpg?resize=1024%2C736 1024w, https:\/\/i0.wp.com\/pot-tunja.gov.co\/wp-content\/uploads\/2022\/12\/1-1.jpg?resize=300%2C216 300w, https:\/\/i0.wp.com\/pot-tunja.gov.co\/wp-content\/uploads\/2022\/12\/1-1.jpg?resize=768%2C552 768w, https:\/\/i0.wp.com\/pot-tunja.gov.co\/wp-content\/uploads\/2022\/12\/1-1.jpg?w=1391 1391w\" sizes=\"auto, (max-width: 1000px) 100vw, 1000px\" \/><\/p><ul><li>En <strong>2018<\/strong>, Tunja adelant\u00f3 el proceso de revisi\u00f3n y ajuste del POT.<\/li><li><strong>El proceso no culmin\u00f3<\/strong> porque fue devuelto por la Corporaci\u00f3n Aut\u00f3noma Regional, quien hizo unos requerimientos de ajuste a los productos.<\/li><li><strong>La Procuradur\u00eda emiti\u00f3 un concepto sobre las debilidades del proceso<\/strong> de participaci\u00f3n ciudadana en la revisi\u00f3n y ajuste del POT.<\/li><li><strong>La Administraci\u00f3n Municipal conforma un equipo de profesionales para realizar la actualizaci\u00f3n.<\/strong><\/li><\/ul><\/div>\r\n                <\/div>\r\n            <\/div>\r\n        <\/article><article class=\"twae-timeline-entry twae-left-aligned\">\r\n            <div class=\"twae-timeline-entry-inner\">\r\n                <div class=\"twae-label-extra-label\">\r\n                    <span class=\"twae-label\">Continuamos con:<\/span>\r\n                    <span class=\"twae-extra-label\">Alianza estrat\u00e9gica con el Fondo de Poblaci\u00f3n de las Naciones Unidas <\/span>\r\n                <\/div>\r\n                <div class=\"twae-icon\"><svg xmlns=\"http:\/\/www.w3.org\/2000\/svg\" xmlns:xlink=\"http:\/\/www.w3.org\/1999\/xlink\" id=\"Capa_1\" x=\"0px\" y=\"0px\" viewBox=\"0 0 1000 1000\" style=\"enable-background:new 0 0 1000 1000;\" xml:space=\"preserve\">\n<style type=\"text\/css\">\n\t.st0{fill:#F6F6F6;}\n\t.st1{fill:#FFFFFF;}\n<\/style>\n<g>\n\t<g>\n\t\t<path class=\"st0\" d=\"M65.12,508.88c12.95-22.43,25.89-44.87,38.85-67.29c1.27-2.2,2.45-4.47,3.97-6.49    c5.77-7.71,14.79-9.85,22.42-5.48c7.54,4.32,10.65,13.54,6.39,22.13c-4.88,9.84-10.67,19.24-16.13,28.79    c-4.9,8.57-9.87,17.09-15.36,26.57c27.96,16.15,55.7,32.16,84.35,48.71c46.54-80.58,92.77-160.63,139.65-241.8    c-27.92-16.15-55.61-32.18-84.29-48.77c-5.52,9.52-10.86,18.71-16.19,27.9c-4.39,7.57-8.48,15.33-13.26,22.65    c-5.51,8.43-14.93,10.77-22.86,6.33c-7.8-4.36-11.13-14.11-6.35-22.75c12.16-21.97,24.68-43.76,37.66-65.26    c6.04-10.01,15.15-11.29,26.49-4.79c28.89,16.56,57.69,33.28,86.53,49.94c5.86,3.39,11.62,6.98,17.61,10.13    c8.39,4.42,15.19,9.83,14.61,21.24c17.2,0,33.81-0.01,50.42,0c9.61,0.01,19.22-0.24,28.81,0.11c21.34,0.77,39.47,8.85,53.72,24.92    c7.46,8.42,14.55,17.16,22.93,27.09c27.27-32.46,56.71-60.37,104.11-50.91c-0.56-12.27,5.85-17.53,13.89-22.11    c34.31-19.59,68.47-39.45,102.7-59.18c15.27-8.8,22.86-6.71,31.76,8.7c49.97,86.51,99.93,173.02,149.89,259.54    c9.38,16.25,7.4,23.36-9.09,32.89c-33.48,19.34-66.96,38.68-100.44,58.01c-17.26,9.97-23.81,8.2-34.14-9.14    c-0.72-1.2-1.51-2.36-2.83-4.39c-14.35,9.72-28.6,19.21-42.58,29.1c-1.38,0.97-1.81,4.48-1.42,6.57    c5.93,31.1-8.74,54.02-39.24,61.59c-2.14,0.53-4.67,3.52-5.21,5.79c-5,21.01-17.73,34.26-38.74,39.14    c-4.39,1.02-6.33,2.26-7.38,7.16c-4.35,20.36-16.98,33.32-37.36,38.12c-4.88,1.15-7.29,2.68-8.38,8.31    c-6.78,34.8-49.36,50.72-77.01,28.35c-11.97-9.68-21.93-21.84-33.35-33.44c-9.08,8.03-17.46,15.88-26.3,23.19    c-28.73,23.77-70.49,11.79-79.06-23.27c-2.15-8.81-5.5-12.54-13.79-15.68c-18.95-7.17-28.15-22.48-30.15-42.94    c-1.79-0.67-3.79-1.54-5.87-2.16c-19.39-5.85-31.21-18.74-34.69-38.61c-0.98-5.58-3.1-7.64-8.42-9.37    c-19.47-6.33-30.72-20-33.81-40.41c-0.41-2.72-1.79-6.28-3.89-7.6c-13.61-8.51-27.54-16.5-41.25-24.6    c-13.03,12.92-16.87,13.4-32.58,4.32c-33.72-19.48-67.55-38.79-101.04-58.66c-5.53-3.28-9.56-9.07-14.28-13.7    C65.12,514.54,65.12,511.71,65.12,508.88z M270.04,579.64c15.8-15.24,31.02-29.94,46.26-44.63c10.59-10.21,20.42-11.38,28.07-3.35    c7.26,7.62,5.74,17.7-4.18,27.34c-10.13,9.84-20.35,19.59-30.46,29.45c-5.05,4.92-10.27,9.72-14.82,15.08    c-4.31,5.08-4,11.03-0.45,16.51c3.68,5.68,9.41,7.5,15.54,5.57c3.55-1.12,6.86-3.84,9.6-6.53c16.31-16.05,32.24-32.48,48.66-48.42    c7.88-7.65,17.36-7.57,24.27-0.83c6.73,6.57,6.7,16.24-0.18,24.35c-1.64,1.93-3.53,3.66-5.32,5.46    c-16.16,16.2-32.44,32.28-48.42,48.66c-6.98,7.15-6.81,15.8-0.33,21.7c6.23,5.67,13.63,4.83,20.67-2.26    c14.53-14.63,28.99-29.34,43.74-43.75c3.33-3.25,7.43-6.5,11.76-7.78c7.47-2.21,13.99,0.69,18.06,7.57    c4.49,7.61,2.94,14.84-2.91,20.92c-10.97,11.4-22.34,22.41-33.35,33.76c-6.28,6.47-12.51,13.05-18.17,20.05    c-4.7,5.81-3.98,12.39,0.83,17.82c4.85,5.47,11.23,6.48,17.65,2.81c3.62-2.07,6.99-4.79,9.99-7.71    c12.75-12.41,24.92-25.46,38.19-37.28c4.32-3.85,11.71-6.99,17.04-6.18c4.85,0.74,10.33,6.54,12.8,11.47    c3.34,6.67-0.63,13.09-5.8,18.11c-15,14.56-30.1,29.02-45.03,43.65c-8.29,8.13-9.17,16.52-2.82,23.02c6,6.15,14.31,5.77,22.6-1.41    c11.74-10.18,23.46-20.38,34.84-30.95c3.38-3.14,6.38-7.21,8.17-11.44c4.38-10.39,11.38-18.28,21.25-23.23    c6.18-3.1,14.79-3.06,19.2-7.51c4.44-4.49,4.25-13.2,7.48-19.33c8.12-15.38,22-22.79,38.53-25.17c6.06-25.69,17.81-39.47,38.46-44    c5.48-1.2,7.61-2.87,8.92-8.6c8.32-36.29,50.73-50.33,79.36-26.53c5.16,4.29,9.88,9.12,15.05,13.92    c16.56-11.23,32.81-22.24,49.01-33.22c-0.68-1.61-0.92-2.41-1.33-3.12c-37.38-64.77-74.73-129.55-112.36-194.18    c-1.43-2.45-5.51-4.57-8.45-4.71c-11.27-0.54-22.66-1-33.86,0.06c-7.64,0.72-16.6,2.05-22.24,6.54    c-13.98,11.14-26.39,24.25-39.53,36.66c9.09,10.95,17.26,20.67,25.28,30.51c11.79,14.48,16.53,30.98,11.27,49.07    c-11.34,39.03-55.62,52.13-86.5,25.6C483,482,470.9,469.67,458.34,457.88c-2.17-2.04-4.48-3.92-7.06-6.17    c-15.54,22.81-35.3,38.86-61.16,45.62c-12.1,3.16-24.99,4.12-37.57,4.44c-10.36,0.26-17.03-7.84-16.7-17.44    c0.31-9.08,7.21-15.49,17.4-16.05c3.1-0.17,6.22,0.1,9.32-0.11c28.42-1.95,49.29-15.57,63.15-40.22    c-0.82-1.21-1.22-1.95-1.76-2.56c-9.34-10.52-10.21-19.34-2.61-26.71c7.7-7.46,16.71-6.49,26.85,2.89    c1.45,1.34,2.87,2.72,4.31,4.08c21.13,20.01,42.27,39.99,63.37,60.03c5.35,5.08,11.27,8.64,18.97,7.17    c15.57-2.97,20.79-19.75,9.95-32.95c-21.68-26.42-43.69-52.56-65.44-78.92c-9.5-11.51-21.64-16.55-36.4-16.47    c-27.97,0.16-55.94,0.25-83.9-0.11c-6.18-0.08-9.45,1.85-12.53,7.21c-37.61,65.61-75.5,131.06-113.3,196.57    c-1.35,2.33-2.48,4.79-3.86,7.46C243.1,563.73,256.2,571.47,270.04,579.64z M893.08,507.12    c-46.85-81.14-93.18-161.36-139.69-241.89c-28.67,16.57-56.2,32.49-84.36,48.76c46.7,80.87,93.02,161.08,139.65,241.81    C837.11,539.4,864.66,523.51,893.08,507.12z M575.24,677.67c-4.03,3.56-10.02,6.39-11.41,10.71c-1.52,4.75-0.54,12.15,2.41,16.1    c6.17,8.26,14.06,15.34,21.81,22.28c6.79,6.08,15.63,5.52,21.3-0.37c5.57-5.79,5.72-14.64-0.45-21.36    c-6.85-7.46-14.09-14.6-21.61-21.37C584.55,681.2,580.5,680.2,575.24,677.67z M568.7,763.75c-0.89-3.91-0.72-6.09-1.73-7.12    c-10.09-10.37-19.76-21.3-30.89-30.45c-4.95-4.07-12.11-0.93-16.39,4.44c-4.27,5.36-5.4,11.98-0.83,17.17    c8.16,9.26,16.79,18.28,26.37,25.99c3.17,2.55,10.61,2.35,14.72,0.44C564.06,772.3,566.42,766.67,568.7,763.75z M621.23,632.45    c-3.84,2.94-9.64,5.24-11.34,9.27c-1.86,4.41-1.96,12,0.72,15.43c7.21,9.23,15.93,17.42,24.78,25.19    c5.78,5.08,14.02,3.88,19.22-1.22c5.31-5.21,6.31-14.01,1.05-19.91c-7.47-8.38-15.62-16.2-23.85-23.85    C629.54,635.23,625.92,634.55,621.23,632.45z M705.5,627.12c-1.25-4.41-1.21-7.49-2.73-9.09c-9.08-9.53-17.99-19.35-28.05-27.77    c-5.42-4.53-12.64-2.51-17.54,2.76c-5.16,5.55-6.28,12.75-1.35,18.49c7.85,9.13,16.37,17.91,25.74,25.41    c3.22,2.58,10.55,2.54,14.71,0.73C700.39,635.87,702.86,630.34,705.5,627.12z\"><\/path>\n\t\t<path class=\"st0\" d=\"M177.38,376.85c0.05,10.35-7.88,18.67-17.72,18.61c-9.18-0.05-16.56-7.47-16.54-16.63    c0.02-9.99,8.44-18.83,17.86-18.76C170.08,360.13,177.33,367.55,177.38,376.85z\"><\/path>\n\t\t<path class=\"st0\" d=\"M173.76,501.97c-8.79,0.08-16.85-7.85-16.94-16.68c-0.09-8.76,7.88-16.87,16.68-16.95    c8.76-0.09,16.86,7.89,16.94,16.69C190.52,493.83,182.59,501.88,173.76,501.97z\"><\/path>\n\t<\/g>\n\t<path class=\"st0\" d=\"M824.55,501.97c-8.83-0.08-16.77-8.13-16.69-16.94c0.08-8.8,8.18-16.78,16.94-16.7   c8.8,0.08,16.78,8.19,16.69,16.95C841.4,494.11,833.34,502.05,824.55,501.97z\"><\/path>\n<\/g>\n<\/svg><\/div>\r\n                <div class=\"twae-data-container \">\r\n                    <span class=\"twae-title\">La Alianza<\/span>\r\n                    \r\n                    <div class=\"twae-description\"><p><img data-recalc-dims=\"1\" loading=\"lazy\" decoding=\"async\" class=\"aligncenter wp-image-4187\" src=\"https:\/\/i0.wp.com\/pot-tunja.gov.co\/wp-content\/uploads\/2022\/12\/2-alianza-.jpg?resize=386%2C278\" alt=\"\" width=\"386\" height=\"278\" srcset=\"https:\/\/i0.wp.com\/pot-tunja.gov.co\/wp-content\/uploads\/2022\/12\/2-alianza-.jpg?resize=1024%2C736 1024w, https:\/\/i0.wp.com\/pot-tunja.gov.co\/wp-content\/uploads\/2022\/12\/2-alianza-.jpg?resize=300%2C216 300w, https:\/\/i0.wp.com\/pot-tunja.gov.co\/wp-content\/uploads\/2022\/12\/2-alianza-.jpg?resize=768%2C552 768w, https:\/\/i0.wp.com\/pot-tunja.gov.co\/wp-content\/uploads\/2022\/12\/2-alianza-.jpg?w=1391 1391w\" sizes=\"auto, (max-width: 386px) 100vw, 386px\" \/><\/p><ul><li>En <strong>febrero de 2021<\/strong> se firma del Memorando de Entendimiento.<\/li><li><strong>Su prop\u00f3sito es el de aunar esfuerzos para el fortalecimiento de capacidades de actores claves del territorio en procesos de gesti\u00f3n del desarrollo sostenible y ordenamiento territorial<\/strong>, en el marco de la Agenda 2035, los ODS y la agenda misional de UNFPA en materia de din\u00e1micas de poblaci\u00f3n.<\/li><\/ul><\/div>\r\n                <\/div>\r\n            <\/div>\r\n        <\/article><article class=\"twae-timeline-entry twae-right-aligned\">\r\n            <div class=\"twae-timeline-entry-inner\">\r\n                <div class=\"twae-label-extra-label\">\r\n                    <span class=\"twae-label\">Luego:<\/span>\r\n                    <span class=\"twae-extra-label\">Alcance y Abordaje<\/span>\r\n                <\/div>\r\n                <div class=\"twae-icon\"><svg xmlns=\"http:\/\/www.w3.org\/2000\/svg\" xmlns:xlink=\"http:\/\/www.w3.org\/1999\/xlink\" id=\"Capa_1\" x=\"0px\" y=\"0px\" viewBox=\"0 0 1000 1000\" style=\"enable-background:new 0 0 1000 1000;\" xml:space=\"preserve\">\n<style type=\"text\/css\">\n\t.st0{fill:#F6F6F6;}\n\t.st1{fill:#FFFFFF;}\n<\/style>\n<g>\n\t<path class=\"st0\" d=\"M63.96,635.15c3.97-13.21,6.32-27.2,12.22-39.48c21.63-45.07,58.12-70.72,107.99-73.48   c35.55-1.97,71.43-1.35,106.95,1.19c14.54,1.04,21.39-1.43,29.81-13.62c23.6-34.18,57.56-52.48,99.36-53.08   c53.81-0.77,107.68-1.29,161.45,0.34c43.76,1.33,77.51,22.91,100.67,59.97c4.61,7.37,8.75,9.54,16.72,6.97   c4.49-1.45,9.49-1.83,14.27-1.82c36.8,0.11,73.81-2.01,110.34,1.24c59.79,5.32,108.43,58.43,110.11,118.28   c1.35,48.12,1.17,96.33,0.19,144.47c-0.87,42.83-32.45,73.41-75.34,75.34c-2.26,0.1-4.53,0.11-6.8,0.11   c-235.14,0-470.28-0.06-705.42,0.1c-27.55,0.02-50.29-9.04-67.35-31.17c-8.52-11.05-12.22-23.98-15.17-37.26   C63.96,740.54,63.96,687.85,63.96,635.15z M347.53,810.05c101.69,0,202.06,0,302.82,0c0.17-1.84,0.4-3.19,0.4-4.55   c0.01-73.89,0.53-147.79-0.21-221.68c-0.45-45.13-33.26-76.19-79.12-76.48c-48.13-0.3-96.27-0.57-144.39,0.28   c-12.1,0.21-25.17,2.54-36,7.68c-30,14.25-43.57,39.61-43.53,72.62c0.08,71.06,0.02,142.13,0.02,213.19   C347.53,803.88,347.53,806.66,347.53,810.05z M296.52,810.11c0-3.94,0-7.26,0-10.59c0-69.07,0-138.14,0-207.21   c0-19.29,0.01-19.59-19.95-19.8c-27.74-0.3-55.48-0.25-83.22,0.03c-6.72,0.07-13.64,0.82-20.11,2.59   c-36.47,10-58.07,38.51-58.24,76.83c-0.19,42.74-0.06,85.49-0.04,128.23c0.01,21.06,9.37,30.36,30.66,30.38   c47.27,0.04,94.55,0.02,141.82-0.01C290.19,810.55,292.93,810.29,296.52,810.11z M702.09,809.65c1.47,0.46,2.01,0.77,2.55,0.77   c51.52,0.02,103.04,0.21,154.55-0.12c13.99-0.09,23.99-11.05,24.06-25.6c0.2-45.29,0.41-90.59-0.05-135.87   c-0.42-40.85-31.26-73.35-68.7-75.15c-33.31-1.6-66.74-0.67-100.11-0.63c-4.11,0.01-8.22,1.44-12.3,2.2   C702.09,653.75,702.09,731.51,702.09,809.65z\"><\/path>\n\t<path class=\"st0\" d=\"M499.38,140.19c83.47,0.19,151.18,68.06,151.06,151.41c-0.12,83.17-68.58,151.49-151.52,151.21   c-83.26-0.28-151.25-68.55-151.06-151.67C348.05,207.74,416.05,139.99,499.38,140.19z M499.24,191.18   c-55.48-0.05-100.42,44.85-100.38,100.29c0.04,54.9,44.79,99.91,99.78,100.33c55.03,0.42,100.68-44.93,100.81-100.15   C599.56,236.2,554.73,191.24,499.24,191.18z\"><\/path>\n\t<path class=\"st0\" d=\"M120.74,393.79c0.25-62.56,51.83-113.68,113.96-112.96c62.52,0.72,113.03,51.52,112.75,113.4   c-0.29,62.42-52.02,113.74-114.03,113.12C171.14,506.74,120.49,455.7,120.74,393.79z M235.17,331.97   c-33.82-1.02-61.86,25.98-63.27,60.94c-1.34,33.21,26.4,62,61.06,63.37c33.13,1.31,61.85-26.4,63.38-61.15   C297.79,362.03,269.69,333,235.17,331.97z\"><\/path>\n\t<path class=\"st0\" d=\"M763.91,280.83c62.31-0.36,113.85,51.01,113.65,113.28c-0.21,62.2-50.83,112.93-113,113.24   c-62.14,0.32-113.8-51.22-113.71-113.44C650.93,331.84,701.56,281.2,763.91,280.83z M763.07,331.97   c-34.53,1.09-62.64,30.17-61.1,63.21c1.62,34.81,30.34,62.46,63.44,61.08c34.7-1.44,62.4-30.25,60.99-63.43   C824.9,357.85,796.86,330.91,763.07,331.97z\"><\/path>\n<\/g>\n<\/svg><\/div>\r\n                <div class=\"twae-data-container \">\r\n                    <span class=\"twae-title\">\u201cCon un enfoque integral, poblacional y diferencial con di\u00e1logo social\u201d.<\/span>\r\n                    \r\n                    <div class=\"twae-description\"><p><a href=\"https:\/\/i0.wp.com\/pot-tunja.gov.co\/wp-content\/uploads\/2022\/11\/pase2.png\"><img data-recalc-dims=\"1\" loading=\"lazy\" decoding=\"async\" class=\"aligncenter size-large wp-image-4189\" src=\"https:\/\/i0.wp.com\/pot-tunja.gov.co\/wp-content\/uploads\/2022\/12\/3.jpg?resize=1024%2C737\" alt=\"\" width=\"1024\" height=\"737\" srcset=\"https:\/\/i0.wp.com\/pot-tunja.gov.co\/wp-content\/uploads\/2022\/12\/3.jpg?resize=1024%2C737 1024w, https:\/\/i0.wp.com\/pot-tunja.gov.co\/wp-content\/uploads\/2022\/12\/3.jpg?resize=300%2C216 300w, https:\/\/i0.wp.com\/pot-tunja.gov.co\/wp-content\/uploads\/2022\/12\/3.jpg?resize=768%2C553 768w, https:\/\/i0.wp.com\/pot-tunja.gov.co\/wp-content\/uploads\/2022\/12\/3.jpg?w=1302 1302w\" sizes=\"auto, (max-width: 1000px) 100vw, 1000px\" \/><\/a><\/p><p><strong>Estrategia PASE Al Desarrollo<\/strong><\/p><p>Soluci\u00f3n creada para contribuir con el <strong>fortalecimiento de las capacidades de los actores locales<\/strong> en materia de gesti\u00f3n del conocimiento de las din\u00e1micas de poblaci\u00f3n y, su incorporaci\u00f3n en los procesos de revisi\u00f3n y ajuste de los POT, bajo un enfoque de gobernanza.<\/p><p>Todo esto se genera a partir de la identificaci\u00f3n y comprensi\u00f3n del territorio, que genera respuestas integrales en los procesos de ordenamiento territorial.<\/p><\/div>\r\n                <\/div>\r\n            <\/div>\r\n        <\/article><article class=\"twae-timeline-entry twae-left-aligned\">\r\n            <div class=\"twae-timeline-entry-inner\">\r\n                <div class=\"twae-label-extra-label\">\r\n                    <span class=\"twae-label\"><\/span>\r\n                    <span class=\"twae-extra-label\"><\/span>\r\n                <\/div>\r\n                <div class=\"twae-icon\"><i aria-hidden=\"true\" class=\"fas fa-grip-lines\"><\/i><\/div>\r\n                <div class=\"twae-data-container \">\r\n                    <span class=\"twae-title\">Ruta Metodologica<\/span>\r\n                    \r\n                    <div class=\"twae-description\"><p><a href=\"https:\/\/i0.wp.com\/pot-tunja.gov.co\/wp-content\/uploads\/2022\/12\/Metodologia-01-1024x593.jpg?ssl=1\"><img data-recalc-dims=\"1\" loading=\"lazy\" decoding=\"async\" class=\"aligncenter size-large wp-image-4220\" src=\"https:\/\/i0.wp.com\/pot-tunja.gov.co\/wp-content\/uploads\/2022\/12\/Metodologia-01.jpg?resize=1024%2C593\" alt=\"\" width=\"1024\" height=\"593\" srcset=\"https:\/\/i0.wp.com\/pot-tunja.gov.co\/wp-content\/uploads\/2022\/12\/Metodologia-01-scaled.jpg?resize=1024%2C593 1024w, https:\/\/i0.wp.com\/pot-tunja.gov.co\/wp-content\/uploads\/2022\/12\/Metodologia-01-scaled.jpg?resize=300%2C174 300w, https:\/\/i0.wp.com\/pot-tunja.gov.co\/wp-content\/uploads\/2022\/12\/Metodologia-01-scaled.jpg?resize=768%2C445 768w, https:\/\/i0.wp.com\/pot-tunja.gov.co\/wp-content\/uploads\/2022\/12\/Metodologia-01-scaled.jpg?resize=1536%2C890 1536w, https:\/\/i0.wp.com\/pot-tunja.gov.co\/wp-content\/uploads\/2022\/12\/Metodologia-01-scaled.jpg?resize=2048%2C1186 2048w\" sizes=\"auto, (max-width: 1000px) 100vw, 1000px\" \/><\/a><\/p><\/div>\r\n                <\/div>\r\n            <\/div>\r\n        <\/article><article class=\"twae-timeline-entry twae-right-aligned\">\r\n            <div class=\"twae-timeline-entry-inner\">\r\n                <div class=\"twae-label-extra-label\">\r\n                    <span class=\"twae-label\">Despu\u00e9s obtuvimos:<\/span>\r\n                    <span class=\"twae-extra-label\">Resultados  \u201cParticipaci\u00f3n, Consulta, Diagn\u00f3stico  y Formulaci\u00f3n\u201d<\/span>\r\n                <\/div>\r\n                <div class=\"twae-icon\"><i aria-hidden=\"true\" class=\"far fa-comments\"><\/i><\/div>\r\n                <div class=\"twae-data-container \">\r\n                    <span class=\"twae-title\">Estrategia integral de participaci\u00f3n  <\/span>\r\n                    \r\n                    <div class=\"twae-description\"><p><img data-recalc-dims=\"1\" loading=\"lazy\" decoding=\"async\" class=\"aligncenter size-large wp-image-4193\" src=\"https:\/\/i0.wp.com\/pot-tunja.gov.co\/wp-content\/uploads\/2022\/12\/4.jpg?resize=1024%2C736\" alt=\"\" width=\"1024\" height=\"736\" srcset=\"https:\/\/i0.wp.com\/pot-tunja.gov.co\/wp-content\/uploads\/2022\/12\/4.jpg?resize=1024%2C736 1024w, https:\/\/i0.wp.com\/pot-tunja.gov.co\/wp-content\/uploads\/2022\/12\/4.jpg?resize=300%2C216 300w, https:\/\/i0.wp.com\/pot-tunja.gov.co\/wp-content\/uploads\/2022\/12\/4.jpg?resize=768%2C552 768w, https:\/\/i0.wp.com\/pot-tunja.gov.co\/wp-content\/uploads\/2022\/12\/4.jpg?w=1391 1391w\" sizes=\"auto, (max-width: 1000px) 100vw, 1000px\" \/><\/p><p><strong>Chatbot TuPot<\/strong> participaci\u00f3n de\u00a0 \u00a01.551 personas aportando insumos de las problem\u00e1ticas de la ciudad y propuesta de soluci\u00f3n.<\/p><p><strong>Mesas de di\u00e1logo social:<\/strong><\/p><ul><li>(4 encuentros multiactor), (2 rondas de di\u00e1logo en los sectores (urbanos) y (corregimientos) rural de la Ciudad de Tunja).<\/li><li>Mesas t\u00e9cnicas: CTP, C\u00e1mara de Comercio, Camacol, Concejo Municipal, gremios, etc.<\/li><li>Atenci\u00f3n a solicitudes enviadas a la Oficina de Planeaci\u00f3n.<\/li><\/ul><p><strong>Aportes y an\u00e1lisis integrales para el diagn\u00f3stico PASE al Desarrollo.<\/strong><\/p><ul><li>Escenario Actual, configuraci\u00f3n actual y met\u00e1fora que la identifica.<\/li><li>Escenario deseado, configuraci\u00f3n deseada y met\u00e1fora que la identifica.<\/li><li>An\u00e1lisis de la din\u00e1mica demogr\u00e1fica y sus implicaciones en las dimensiones del desarrollo.<\/li><li>An\u00e1lisis de la din\u00e1mica regional y relaciones funcionales de Tunja en el contexto regional.<\/li><\/ul><p><strong style=\"font-size: 16px;\">Aportes para etapa de formulaci\u00f3n:<\/strong><\/p><ul><li style=\"list-style-type: none;\"><ul><li>Escenario posible, configuraci\u00f3n posible y met\u00e1fora que la identifica.<\/li><li>Modelo de Ocupaci\u00f3n Territorial.<\/li><\/ul><\/li><\/ul><\/div>\r\n                <\/div>\r\n            <\/div>\r\n        <\/article><\/div><\/div>\t\t<\/div>\n\t\t\t\t<\/div>\n\t\t\t\t\t<\/div>\n\t\t<\/div>\n\t\t\t\t\t\t\t<\/div>\n\t\t<\/section>\n\t\t\t\t\t\t<\/div>\n\t\t\t\t\t<\/div>\n\t\t","protected":false},"excerpt":{"rendered":"<p>Punto de Partida \u201cSobre lo construido complementamos&quot; Antecedentes del Proceso En 2018, Tunja adelant\u00f3 el proceso de revisi\u00f3n y ajuste del POT. El proceso no culmin\u00f3 porque fue devuelto por la Corporaci\u00f3n Aut\u00f3noma Regional, quien hizo unos requerimientos de ajuste a los productos. La Procuradur\u00eda emiti\u00f3 un concepto sobre las debilidades del proceso de participaci\u00f3n [&hellip;]<\/p>\n","protected":false},"author":1,"featured_media":0,"parent":0,"menu_order":0,"comment_status":"closed","ping_status":"closed","template":"","meta":{"site-sidebar-layout":"no-sidebar","site-content-layout":"page-builder","ast-site-content-layout":"full-width-container","site-content-style":"default","site-sidebar-style":"default","ast-global-header-display":"","ast-banner-title-visibility":"","ast-main-header-display":"","ast-hfb-above-header-display":"","ast-hfb-below-header-display":"","ast-hfb-mobile-header-display":"","site-post-title":"disabled","ast-breadcrumbs-content":"","ast-featured-img":"disabled","footer-sml-layout":"","theme-transparent-header-meta":"","adv-header-id-meta":"","stick-header-meta":"","header-above-stick-meta":"","header-main-stick-meta":"","header-below-stick-meta":"","astra-migrate-meta-layouts":"set","ast-page-background-enabled":"default","ast-page-background-meta":{"desktop":{"background-color":"","background-image":"","background-repeat":"repeat","background-position":"center center","background-size":"auto","background-attachment":"scroll","background-type":"","background-media":"","overlay-type":"","overlay-color":"","overlay-opacity":"","overlay-gradient":""},"tablet":{"background-color":"","background-image":"","background-repeat":"repeat","background-position":"center center","background-size":"auto","background-attachment":"scroll","background-type":"","background-media":"","overlay-type":"","overlay-color":"","overlay-opacity":"","overlay-gradient":""},"mobile":{"background-color":"","background-image":"","background-repeat":"repeat","background-position":"center center","background-size":"auto","background-attachment":"scroll","background-type":"","background-media":"","overlay-type":"","overlay-color":"","overlay-opacity":"","overlay-gradient":""}},"ast-content-background-meta":{"desktop":{"background-color":"var(--ast-global-color-5)","background-image":"","background-repeat":"repeat","background-position":"center center","background-size":"auto","background-attachment":"scroll","background-type":"","background-media":"","overlay-type":"","overlay-color":"","overlay-opacity":"","overlay-gradient":""},"tablet":{"background-color":"var(--ast-global-color-5)","background-image":"","background-repeat":"repeat","background-position":"center center","background-size":"auto","background-attachment":"scroll","background-type":"","background-media":"","overlay-type":"","overlay-color":"","overlay-opacity":"","overlay-gradient":""},"mobile":{"background-color":"var(--ast-global-color-5)","background-image":"","background-repeat":"repeat","background-position":"center center","background-size":"auto","background-attachment":"scroll","background-type":"","background-media":"","overlay-type":"","overlay-color":"","overlay-opacity":"","overlay-gradient":""}},"footnotes":""},"class_list":["post-5784","page","type-page","status-publish","hentry"],"jetpack_sharing_enabled":true,"_links":{"self":[{"href":"http:\/\/pot-tunja.gov.co\/index.php\/wp-json\/wp\/v2\/pages\/5784","targetHints":{"allow":["GET"]}}],"collection":[{"href":"http:\/\/pot-tunja.gov.co\/index.php\/wp-json\/wp\/v2\/pages"}],"about":[{"href":"http:\/\/pot-tunja.gov.co\/index.php\/wp-json\/wp\/v2\/types\/page"}],"author":[{"embeddable":true,"href":"http:\/\/pot-tunja.gov.co\/index.php\/wp-json\/wp\/v2\/users\/1"}],"replies":[{"embeddable":true,"href":"http:\/\/pot-tunja.gov.co\/index.php\/wp-json\/wp\/v2\/comments?post=5784"}],"version-history":[{"count":8,"href":"http:\/\/pot-tunja.gov.co\/index.php\/wp-json\/wp\/v2\/pages\/5784\/revisions"}],"predecessor-version":[{"id":5882,"href":"http:\/\/pot-tunja.gov.co\/index.php\/wp-json\/wp\/v2\/pages\/5784\/revisions\/5882"}],"wp:attachment":[{"href":"http:\/\/pot-tunja.gov.co\/index.php\/wp-json\/wp\/v2\/media?parent=5784"}],"curies":[{"name":"wp","href":"https:\/\/api.w.org\/{rel}","templated":true}]}}